{"id":280,"date":"2023-10-27T11:50:00","date_gmt":"2023-10-27T10:50:00","guid":{"rendered":"https:\/\/kadirdogan.com.tr\/?page_id=280"},"modified":"2023-11-15T11:51:45","modified_gmt":"2023-11-15T10:51:45","slug":"almanca-ogren","status":"publish","type":"page","link":"https:\/\/kadirdogan.com.tr\/index.php\/almanca-ogren\/","title":{"rendered":"Almanca \u00d6\u011fren"},"content":{"rendered":"<p>Y\u00fczlerce Almanca \u00f6\u011frenme metaryalleri ve uzun bir yolculuk ve kafa kar\u0131\u015f\u0131kl\u0131klar\u0131&#8230; Bu yaz\u0131y\u0131 kaleme ald\u0131\u011f\u0131mda hala \u00f6\u011frenme s\u00fcrecim devam ediyor ve kolay bitece\u011fini sanm\u0131yorum. Bu sayfa alt\u0131nda kendi yazd\u0131\u011f\u0131m ve geli\u015ftirdi\u011fim uygulamlalar ve \u00f6\u011frenme meteryallerinin yan\u0131s\u0131ra g\u00f6r\u00fcp kulland\u0131\u011f\u0131m en iyi uygulamlar\u0131 payla\u015f\u0131yorum.<\/p>\n<div class=\"az-post-list\"><div class=\"az-letter\"><span><strong>A<\/strong><\/span><\/div><div class=\"az-posts\"><div class=\"az-post\"><a href=\"https:\/\/kadirdogan.com.tr\/index.php\/2023\/11\/15\/almanca-ogrenmek-icin-en-iyi-uygulamalar\/\">Almanca \u00d6\u011frenmek \u0130\u00e7in En \u0130yi Uygulamalar<\/a><\/div><\/div><\/div>\n","protected":false},"excerpt":{"rendered":"<p>Y\u00fczlerce Almanca \u00f6\u011frenme metaryalleri ve uzun bir yolculuk ve kafa kar\u0131\u015f\u0131kl\u0131klar\u0131&#8230; Bu yaz\u0131y\u0131 kaleme ald\u0131\u011f\u0131mda hala \u00f6\u011frenme s\u00fcrecim devam ediyor ve kolay bitece\u011fini sanm\u0131yorum. Bu sayfa alt\u0131nda kendi yazd\u0131\u011f\u0131m ve geli\u015ftirdi\u011fim uygulamlalar ve \u00f6\u011frenme meteryallerinin yan\u0131s\u0131ra g\u00f6r\u00fcp kulland\u0131\u011f\u0131m en iyi uygulamlar\u0131 payla\u015f\u0131yorum.<\/p>\n","protected":false},"author":1,"featured_media":0,"parent":0,"menu_order":0,"comment_status":"closed","ping_status":"closed","template":"","meta":{"site-sidebar-layout":"default","site-content-layout":"","ast-site-content-layout":"default","site-content-style":"default","site-sidebar-style":"default","ast-global-header-display":"","ast-banner-title-visibility":"","ast-main-header-display":"","ast-hfb-above-header-display":"","ast-hfb-below-header-display":"","ast-hfb-mobile-header-display":"","site-post-title":"","ast-breadcrumbs-content":"","ast-featured-img":"","footer-sml-layout":"","theme-transparent-header-meta":"default","adv-header-id-meta":"","stick-header-meta":"","header-above-stick-meta":"","header-main-stick-meta":"","header-below-stick-meta":"","astra-migrate-meta-layouts":"set","ast-page-background-enabled":"default","ast-page-background-meta":{"desktop":{"background-color":"var(--ast-global-color-4)","background-image":"","background-repeat":"repeat","background-position":"center center","background-size":"auto","background-attachment":"scroll","background-type":"","background-media":"","overlay-type":"","overlay-color":"","overlay-gradient":""},"tablet":{"background-color":"","background-image":"","background-repeat":"repeat","background-position":"center center","background-size":"auto","background-attachment":"scroll","background-type":"","background-media":"","overlay-type":"","overlay-color":"","overlay-gradient":""},"mobile":{"background-color":"","background-image":"","background-repeat":"repeat","background-position":"center center","background-size":"auto","background-attachment":"scroll","background-type":"","background-media":"","overlay-type":"","overlay-color":"","overlay-gradient":""}},"ast-content-background-meta":{"desktop":{"background-color":"var(--ast-global-color-5)","background-image":"","background-repeat":"repeat","background-position":"center center","background-size":"auto","background-attachment":"scroll","background-type":"","background-media":"","overlay-type":"","overlay-color":"","overlay-gradient":""},"tablet":{"background-color":"var(--ast-global-color-5)","background-image":"","background-repeat":"repeat","background-position":"center center","background-size":"auto","background-attachment":"scroll","background-type":"","background-media":"","overlay-type":"","overlay-color":"","overlay-gradient":""},"mobile":{"background-color":"var(--ast-global-color-5)","background-image":"","background-repeat":"repeat","background-position":"center center","background-size":"auto","background-attachment":"scroll","background-type":"","background-media":"","overlay-type":"","overlay-color":"","overlay-gradient":""}},"footnotes":""},"class_list":["post-280","page","type-page","status-publish","hentry"],"_links":{"self":[{"href":"https:\/\/kadirdogan.com.tr\/index.php\/wp-json\/wp\/v2\/pages\/280","targetHints":{"allow":["GET"]}}],"collection":[{"href":"https:\/\/kadirdogan.com.tr\/index.php\/wp-json\/wp\/v2\/pages"}],"about":[{"href":"https:\/\/kadirdogan.com.tr\/index.php\/wp-json\/wp\/v2\/types\/page"}],"author":[{"embeddable":true,"href":"https:\/\/kadirdogan.com.tr\/index.php\/wp-json\/wp\/v2\/users\/1"}],"replies":[{"embeddable":true,"href":"https:\/\/kadirdogan.com.tr\/index.php\/wp-json\/wp\/v2\/comments?post=280"}],"version-history":[{"count":3,"href":"https:\/\/kadirdogan.com.tr\/index.php\/wp-json\/wp\/v2\/pages\/280\/revisions"}],"predecessor-version":[{"id":489,"href":"https:\/\/kadirdogan.com.tr\/index.php\/wp-json\/wp\/v2\/pages\/280\/revisions\/489"}],"wp:attachment":[{"href":"https:\/\/kadirdogan.com.tr\/index.php\/wp-json\/wp\/v2\/media?parent=280"}],"curies":[{"name":"wp","href":"https:\/\/api.w.org\/{rel}","templated":true}]}}